{"id":311,"date":"2020-10-03T14:36:16","date_gmt":"2020-10-03T12:36:16","guid":{"rendered":"http:\/\/ferdz.fr\/?post_type=product&#038;p=311"},"modified":"2021-08-27T10:59:01","modified_gmt":"2021-08-27T08:59:01","slug":"staves-notebook-carnet-de-portees","status":"publish","type":"product","link":"https:\/\/ferdz.fr\/index.php\/product\/staves-notebook-carnet-de-portees\/","title":{"rendered":"Staves Notebook | Carnet de Port\u00e9es"},"content":{"rendered":"\t\t<div data-elementor-type=\"product-post\" data-elementor-id=\"311\" class=\"elementor elementor-311\" data-elementor-post-type=\"product\">\n\t\t\t\t\t\t<section class=\"elementor-section elementor-top-section elementor-element elementor-element-3f323e0f elementor-section-boxed elementor-section-height-default elementor-section-height-default\" data-id=\"3f323e0f\" data-element_type=\"section\" data-e-type=\"section\">\n\t\t\t\t\t\t<div class=\"elementor-container elementor-column-gap-default\">\n\t\t\t\t\t<div class=\"elementor-column elementor-col-100 elementor-top-column elementor-element elementor-element-9875910\" data-id=\"9875910\" data-element_type=\"column\" data-e-type=\"column\">\n\t\t\t<div class=\"elementor-widget-wrap elementor-element-populated\">\n\t\t\t\t\t\t<div class=\"elementor-element elementor-element-69b4531e elementor-widget elementor-widget-text-editor\" data-id=\"69b4531e\" data-element_type=\"widget\" data-e-type=\"widget\" data-widget_type=\"text-editor.default\">\n\t\t\t\t<div class=\"elementor-widget-container\">\n\t\t\t\t\t\t\t\t\t<p>Staves Notebook : Blank Staves Notebook | 8,5&Prime; x 11&Prime; A4 Large Notebook , 101 Pages | Useful and Original | Convenient for learning music theory, writing down music ideas<\/p><ul><li>Notebook of 101 pages blank staves<span class=\"Apple-converted-space\">\u00a0<\/span><\/li><li>Glossy soft cover<\/li><li>8,5&Prime; x 11&Prime; A4 Large Notebook<span class=\"Apple-converted-space\">\u00a0<\/span><\/li><li>Useful and Original<\/li><li>Convenient<\/li><\/ul><p>\u00a0<\/p><p>Carnet de Port\u00e9es : Carnet de Port\u00e9es Vierges | Grand Format A4 215 mm x 279 mm, 101 Pages | Utile et Original | Pratique pour apprendre le solf\u00e8ge, noter des Id\u00e9es de musique<\/p><ul><li>Carnet de notes de 101 pages de port\u00e9es vierges<span class=\"Apple-converted-space\">\u00a0<\/span><\/li><li>Couverture souple brillante<\/li><li>Grand Format A4 215 mm x 279 mm<\/li><li>Utile et Original<\/li><li>Pratique<span class=\"Apple-converted-space\">\u00a0<\/span><\/li><\/ul>\t\t\t\t\t\t\t\t<\/div>\n\t\t\t\t<\/div>\n\t\t\t\t\t<\/div>\n\t\t<\/div>\n\t\t\t\t\t<\/div>\n\t\t<\/section>\n\t\t\t\t<\/div>\n\t\t","protected":false},"excerpt":{"rendered":"<p><a href=\"http:\/\/bit.ly\/StavesNotebookFerdz\" target=\"_blank\" rel=\"noopener\"><img decoding=\"async\" class=\"alignleft wp-image-1837 size-full\" src=\"https:\/\/ferdz.fr\/wp-content\/uploads\/2021\/03\/Boutons-Buy-on-Amazon-EN-A-OK.jpg\" alt=\"\" width=\"198\" height=\"37\" \/><\/a><\/p>\n<p>&nbsp;<\/p>\n<p><a href=\"http:\/\/bit.ly\/CarnetdePort\u00e9esFerdz\" target=\"_blank\" rel=\"noopener\"><img decoding=\"async\" class=\"alignleft wp-image-1859 size-full\" src=\"https:\/\/ferdz.fr\/wp-content\/uploads\/2020\/10\/Boutons-Buy-on-Amazon-FR-A-OK.jpg\" alt=\"\" width=\"198\" height=\"37\" \/><\/a><\/p>\n<p>&nbsp;<\/p>\n","protected":false},"featured_media":317,"comment_status":"open","ping_status":"closed","template":"","meta":{"site-sidebar-layout":"default","site-content-layout":"default","ast-site-content-layout":"","site-content-style":"default","site-sidebar-style":"default","ast-global-header-display":"","ast-banner-title-visibility":"","ast-main-header-display":"","ast-hfb-above-header-display":"","ast-hfb-below-header-display":"","ast-hfb-mobile-header-display":"","site-post-title":"","ast-breadcrumbs-content":"","ast-featured-img":"","footer-sml-layout":"","theme-transparent-header-meta":"default","adv-header-id-meta":"","stick-header-meta":"","header-above-stick-meta":"","header-main-stick-meta":"","header-below-stick-meta":"","astra-migrate-meta-layouts":"default","ast-page-background-enabled":"default","ast-page-background-meta":{"desktop":{"background-color":"","background-image":"","background-repeat":"repeat","background-position":"center center","background-size":"auto","background-attachment":"scroll","background-type":"","background-media":"","overlay-type":"","overlay-color":"","overlay-opacity":"","overlay-gradient":""},"tablet":{"background-color":"","background-image":"","background-repeat":"repeat","background-position":"center center","background-size":"auto","background-attachment":"scroll","background-type":"","background-media":"","overlay-type":"","overlay-color":"","overlay-opacity":"","overlay-gradient":""},"mobile":{"background-color":"","background-image":"","background-repeat":"repeat","background-position":"center center","background-size":"auto","background-attachment":"scroll","background-type":"","background-media":"","overlay-type":"","overlay-color":"","overlay-opacity":"","overlay-gradient":""}},"ast-content-background-meta":{"desktop":{"background-color":"var(--ast-global-color-5)","background-image":"","background-repeat":"repeat","background-position":"center center","background-size":"auto","background-attachment":"scroll","background-type":"","background-media":"","overlay-type":"","overlay-color":"","overlay-opacity":"","overlay-gradient":""},"tablet":{"background-color":"var(--ast-global-color-5)","background-image":"","background-repeat":"repeat","background-position":"center center","background-size":"auto","background-attachment":"scroll","background-type":"","background-media":"","overlay-type":"","overlay-color":"","overlay-opacity":"","overlay-gradient":""},"mobile":{"background-color":"var(--ast-global-color-5)","background-image":"","background-repeat":"repeat","background-position":"center center","background-size":"auto","background-attachment":"scroll","background-type":"","background-media":"","overlay-type":"","overlay-color":"","overlay-opacity":"","overlay-gradient":""}}},"product_brand":[],"product_cat":[36],"product_tag":[43],"class_list":{"0":"post-311","1":"product","2":"type-product","3":"status-publish","4":"has-post-thumbnail","6":"product_cat-library","7":"product_tag-library","8":"desktop-align-left","9":"tablet-align-left","10":"mobile-align-left","12":"first","13":"instock","14":"shipping-taxable","15":"purchasable","16":"product-type-variable"},"yoast_head":"<!-- This site is optimized with the Yoast SEO plugin v26.9 - https:\/\/yoast.com\/product\/yoast-seo-wordpress\/ -->\n<title>Staves Notebook | Carnet de Port\u00e9es - Ferdz<\/title>\n<meta name=\"robots\" content=\"index, follow, max-snippet:-1, max-image-preview:large, max-video-preview:-1\" \/>\n<link rel=\"canonical\" href=\"https:\/\/ferdz.fr\/index.php\/product\/staves-notebook-carnet-de-portees\/\" \/>\n<meta property=\"og:locale\" content=\"fr_FR\" \/>\n<meta property=\"og:type\" content=\"article\" \/>\n<meta property=\"og:title\" content=\"Staves Notebook | Carnet de Port\u00e9es - Ferdz\" \/>\n<meta property=\"og:description\" content=\"&nbsp;    &nbsp;\" \/>\n<meta property=\"og:url\" content=\"https:\/\/ferdz.fr\/index.php\/product\/staves-notebook-carnet-de-portees\/\" \/>\n<meta property=\"og:site_name\" content=\"Ferdz\" \/>\n<meta property=\"article:publisher\" content=\"https:\/\/www.facebook.com\/ferdz.fr\/\" \/>\n<meta property=\"article:modified_time\" content=\"2021-08-27T08:59:01+00:00\" \/>\n<meta property=\"og:image\" content=\"https:\/\/ferdz.fr\/wp-content\/uploads\/2020\/10\/Staves-notebook-cover.png\" \/>\n\t<meta property=\"og:image:width\" content=\"1080\" \/>\n\t<meta property=\"og:image:height\" content=\"1080\" \/>\n\t<meta property=\"og:image:type\" content=\"image\/png\" \/>\n<meta name=\"twitter:card\" content=\"summary_large_image\" \/>\n<script type=\"application\/ld+json\" class=\"yoast-schema-graph\">{\"@context\":\"https:\/\/schema.org\",\"@graph\":[{\"@type\":\"WebPage\",\"@id\":\"https:\/\/ferdz.fr\/index.php\/product\/staves-notebook-carnet-de-portees\/\",\"url\":\"https:\/\/ferdz.fr\/index.php\/product\/staves-notebook-carnet-de-portees\/\",\"name\":\"Staves Notebook | Carnet de Port\u00e9es - Ferdz\",\"isPartOf\":{\"@id\":\"https:\/\/ferdz.fr\/#website\"},\"primaryImageOfPage\":{\"@id\":\"https:\/\/ferdz.fr\/index.php\/product\/staves-notebook-carnet-de-portees\/#primaryimage\"},\"image\":{\"@id\":\"https:\/\/ferdz.fr\/index.php\/product\/staves-notebook-carnet-de-portees\/#primaryimage\"},\"thumbnailUrl\":\"https:\/\/ferdz.fr\/wp-content\/uploads\/2020\/10\/Staves-notebook-cover.png\",\"datePublished\":\"2020-10-03T12:36:16+00:00\",\"dateModified\":\"2021-08-27T08:59:01+00:00\",\"breadcrumb\":{\"@id\":\"https:\/\/ferdz.fr\/index.php\/product\/staves-notebook-carnet-de-portees\/#breadcrumb\"},\"inLanguage\":\"fr-FR\",\"potentialAction\":[{\"@type\":\"ReadAction\",\"target\":[\"https:\/\/ferdz.fr\/index.php\/product\/staves-notebook-carnet-de-portees\/\"]}]},{\"@type\":\"ImageObject\",\"inLanguage\":\"fr-FR\",\"@id\":\"https:\/\/ferdz.fr\/index.php\/product\/staves-notebook-carnet-de-portees\/#primaryimage\",\"url\":\"https:\/\/ferdz.fr\/wp-content\/uploads\/2020\/10\/Staves-notebook-cover.png\",\"contentUrl\":\"https:\/\/ferdz.fr\/wp-content\/uploads\/2020\/10\/Staves-notebook-cover.png\",\"width\":1080,\"height\":1080},{\"@type\":\"BreadcrumbList\",\"@id\":\"https:\/\/ferdz.fr\/index.php\/product\/staves-notebook-carnet-de-portees\/#breadcrumb\",\"itemListElement\":[{\"@type\":\"ListItem\",\"position\":1,\"name\":\"Accueil\",\"item\":\"https:\/\/ferdz.fr\/\"},{\"@type\":\"ListItem\",\"position\":2,\"name\":\"Shop\",\"item\":\"https:\/\/ferdz.fr\/index.php\/shop\/\"},{\"@type\":\"ListItem\",\"position\":3,\"name\":\"Staves Notebook | Carnet de Port\u00e9es\"}]},{\"@type\":\"WebSite\",\"@id\":\"https:\/\/ferdz.fr\/#website\",\"url\":\"https:\/\/ferdz.fr\/\",\"name\":\"Ferdz\",\"description\":\"Music Accessories for Musicians by Musician\",\"publisher\":{\"@id\":\"https:\/\/ferdz.fr\/#organization\"},\"potentialAction\":[{\"@type\":\"SearchAction\",\"target\":{\"@type\":\"EntryPoint\",\"urlTemplate\":\"https:\/\/ferdz.fr\/?s={search_term_string}\"},\"query-input\":{\"@type\":\"PropertyValueSpecification\",\"valueRequired\":true,\"valueName\":\"search_term_string\"}}],\"inLanguage\":\"fr-FR\"},{\"@type\":\"Organization\",\"@id\":\"https:\/\/ferdz.fr\/#organization\",\"name\":\"Ferdz\",\"url\":\"https:\/\/ferdz.fr\/\",\"logo\":{\"@type\":\"ImageObject\",\"inLanguage\":\"fr-FR\",\"@id\":\"https:\/\/ferdz.fr\/#\/schema\/logo\/image\/\",\"url\":\"http:\/\/ferdz.fr\/wp-content\/uploads\/2020\/10\/Ferdz-Logo-pour-Site-180X60px.png\",\"contentUrl\":\"http:\/\/ferdz.fr\/wp-content\/uploads\/2020\/10\/Ferdz-Logo-pour-Site-180X60px.png\",\"width\":180,\"height\":60,\"caption\":\"Ferdz\"},\"image\":{\"@id\":\"https:\/\/ferdz.fr\/#\/schema\/logo\/image\/\"},\"sameAs\":[\"https:\/\/www.facebook.com\/ferdz.fr\/\",\"https:\/\/www.instagram.com\/ferdz.fr\/\",\"https:\/\/www.youtube.com\/channel\/UChLdGVB05VZFVGSLHSafAeA?view_as=subscriber\"]}]}<\/script>\n<!-- \/ Yoast SEO plugin. -->","yoast_head_json":{"title":"Staves Notebook | Carnet de Port\u00e9es - Ferdz","robots":{"index":"index","follow":"follow","max-snippet":"max-snippet:-1","max-image-preview":"max-image-preview:large","max-video-preview":"max-video-preview:-1"},"canonical":"https:\/\/ferdz.fr\/index.php\/product\/staves-notebook-carnet-de-portees\/","og_locale":"fr_FR","og_type":"article","og_title":"Staves Notebook | Carnet de Port\u00e9es - Ferdz","og_description":"&nbsp;    &nbsp;","og_url":"https:\/\/ferdz.fr\/index.php\/product\/staves-notebook-carnet-de-portees\/","og_site_name":"Ferdz","article_publisher":"https:\/\/www.facebook.com\/ferdz.fr\/","article_modified_time":"2021-08-27T08:59:01+00:00","og_image":[{"width":1080,"height":1080,"url":"https:\/\/ferdz.fr\/wp-content\/uploads\/2020\/10\/Staves-notebook-cover.png","type":"image\/png"}],"twitter_card":"summary_large_image","schema":{"@context":"https:\/\/schema.org","@graph":[{"@type":"WebPage","@id":"https:\/\/ferdz.fr\/index.php\/product\/staves-notebook-carnet-de-portees\/","url":"https:\/\/ferdz.fr\/index.php\/product\/staves-notebook-carnet-de-portees\/","name":"Staves Notebook | Carnet de Port\u00e9es - Ferdz","isPartOf":{"@id":"https:\/\/ferdz.fr\/#website"},"primaryImageOfPage":{"@id":"https:\/\/ferdz.fr\/index.php\/product\/staves-notebook-carnet-de-portees\/#primaryimage"},"image":{"@id":"https:\/\/ferdz.fr\/index.php\/product\/staves-notebook-carnet-de-portees\/#primaryimage"},"thumbnailUrl":"https:\/\/ferdz.fr\/wp-content\/uploads\/2020\/10\/Staves-notebook-cover.png","datePublished":"2020-10-03T12:36:16+00:00","dateModified":"2021-08-27T08:59:01+00:00","breadcrumb":{"@id":"https:\/\/ferdz.fr\/index.php\/product\/staves-notebook-carnet-de-portees\/#breadcrumb"},"inLanguage":"fr-FR","potentialAction":[{"@type":"ReadAction","target":["https:\/\/ferdz.fr\/index.php\/product\/staves-notebook-carnet-de-portees\/"]}]},{"@type":"ImageObject","inLanguage":"fr-FR","@id":"https:\/\/ferdz.fr\/index.php\/product\/staves-notebook-carnet-de-portees\/#primaryimage","url":"https:\/\/ferdz.fr\/wp-content\/uploads\/2020\/10\/Staves-notebook-cover.png","contentUrl":"https:\/\/ferdz.fr\/wp-content\/uploads\/2020\/10\/Staves-notebook-cover.png","width":1080,"height":1080},{"@type":"BreadcrumbList","@id":"https:\/\/ferdz.fr\/index.php\/product\/staves-notebook-carnet-de-portees\/#breadcrumb","itemListElement":[{"@type":"ListItem","position":1,"name":"Accueil","item":"https:\/\/ferdz.fr\/"},{"@type":"ListItem","position":2,"name":"Shop","item":"https:\/\/ferdz.fr\/index.php\/shop\/"},{"@type":"ListItem","position":3,"name":"Staves Notebook | Carnet de Port\u00e9es"}]},{"@type":"WebSite","@id":"https:\/\/ferdz.fr\/#website","url":"https:\/\/ferdz.fr\/","name":"Ferdz","description":"Music Accessories for Musicians by Musician","publisher":{"@id":"https:\/\/ferdz.fr\/#organization"},"potentialAction":[{"@type":"SearchAction","target":{"@type":"EntryPoint","urlTemplate":"https:\/\/ferdz.fr\/?s={search_term_string}"},"query-input":{"@type":"PropertyValueSpecification","valueRequired":true,"valueName":"search_term_string"}}],"inLanguage":"fr-FR"},{"@type":"Organization","@id":"https:\/\/ferdz.fr\/#organization","name":"Ferdz","url":"https:\/\/ferdz.fr\/","logo":{"@type":"ImageObject","inLanguage":"fr-FR","@id":"https:\/\/ferdz.fr\/#\/schema\/logo\/image\/","url":"http:\/\/ferdz.fr\/wp-content\/uploads\/2020\/10\/Ferdz-Logo-pour-Site-180X60px.png","contentUrl":"http:\/\/ferdz.fr\/wp-content\/uploads\/2020\/10\/Ferdz-Logo-pour-Site-180X60px.png","width":180,"height":60,"caption":"Ferdz"},"image":{"@id":"https:\/\/ferdz.fr\/#\/schema\/logo\/image\/"},"sameAs":["https:\/\/www.facebook.com\/ferdz.fr\/","https:\/\/www.instagram.com\/ferdz.fr\/","https:\/\/www.youtube.com\/channel\/UChLdGVB05VZFVGSLHSafAeA?view_as=subscriber"]}]}},"_links":{"self":[{"href":"https:\/\/ferdz.fr\/index.php\/wp-json\/wp\/v2\/product\/311","targetHints":{"allow":["GET"]}}],"collection":[{"href":"https:\/\/ferdz.fr\/index.php\/wp-json\/wp\/v2\/product"}],"about":[{"href":"https:\/\/ferdz.fr\/index.php\/wp-json\/wp\/v2\/types\/product"}],"replies":[{"embeddable":true,"href":"https:\/\/ferdz.fr\/index.php\/wp-json\/wp\/v2\/comments?post=311"}],"version-history":[{"count":9,"href":"https:\/\/ferdz.fr\/index.php\/wp-json\/wp\/v2\/product\/311\/revisions"}],"predecessor-version":[{"id":1865,"href":"https:\/\/ferdz.fr\/index.php\/wp-json\/wp\/v2\/product\/311\/revisions\/1865"}],"wp:featuredmedia":[{"embeddable":true,"href":"https:\/\/ferdz.fr\/index.php\/wp-json\/wp\/v2\/media\/317"}],"wp:attachment":[{"href":"https:\/\/ferdz.fr\/index.php\/wp-json\/wp\/v2\/media?parent=311"}],"wp:term":[{"taxonomy":"product_brand","embeddable":true,"href":"https:\/\/ferdz.fr\/index.php\/wp-json\/wp\/v2\/product_brand?post=311"},{"taxonomy":"product_cat","embeddable":true,"href":"https:\/\/ferdz.fr\/index.php\/wp-json\/wp\/v2\/product_cat?post=311"},{"taxonomy":"product_tag","embeddable":true,"href":"https:\/\/ferdz.fr\/index.php\/wp-json\/wp\/v2\/product_tag?post=311"}],"curies":[{"name":"wp","href":"https:\/\/api.w.org\/{rel}","templated":true}]}}